- 4*x + 5 = 0. Calculate the remainder when g(x) is divided by o.
14
Let l(t) = -4*t + 55. Calculate the remainder when l(-8) is divided by 23.
18
Suppose f - 2*n - 27 = 0, -11 = f - n - 34. Let g = -4 + 11. Calculate the remainder when f is divided by g.
5
Suppose -4*i - 20 = 4*s, 4*s - 2*i + 19 = -1. Let a(z) = z**3 + 5*z**2 + 2*z. Let c be a(-4). Let h = c + s. What is the remainder when 5 is divided by h?
2
Let n(w) = -3*w - 1. Let z be n(-1). Let i(b) = b**2 + b. What is the remainder when 10 is divided by i(z)?
4
Suppose -28 + 20 = -c. What is the remainder when 15 is divided by c?
7
Let b = 17 + -25. Let m be b/40 - (-21)/5. Suppose -w + 43 = 3*x, m*w = 5*w - 1. What is the remainder when 27 is divided by x?
13
Let m(q) = -q**3 + 10*q**2 - 18*q + 21. What is the remainder when m(7) is divided by 14?
0
Let o(w) = -3*w - 7. What is the remainder when 11 is divided by o(-5)?
3
Let q be (-3)/9 + 70/(-6). Let p = 4 - q. What is the remainder when p is divided by 9?
7
Let f = 16 + -8. Suppose -9*q + 6*q + 63 = 0. Calculate the remainder when q is divided by f.
5
Let i be 2 + 1/(-3)*-69. Suppose -7*w + i = -2*w. What is the remainder when 7 is divided by w?
2
What is the remainder when 17 - 1*(2 + -3) is divided by -3 + (0 - 10)/(-1)?
4
Let t = -11 - -11. Let s = 16 + t. Suppose -4*y + s = -0, 4*j - 5*y = 100. What is the remainder when 58 is divided by j?
28
Let p(x) = -3*x + 2 - 3*x**3 + x**3 + 7*x**2 + x + 3*x**3. Calculate the remainder when 29 is divided by p(-7).
13
What is the remainder when 1/(4/(-116)*-1) is divided by 10?
9
Suppose -2*s - 3*s + 45 = 0. Let k(i) = i**2 - 2*i - 4. Let t be k(3). Calculate the remainder when (-3 - (18 - -3))/t is divided by s.
6
Let v(l) be the third derivative of -l**5/30 + l**4/12 - 4*l**2. Let i be v(2). What is the remainder when 68 is divided by ((-46)/i)/((-7)/(-14))?
22
Let o = 384 - 259. Calculate the remainder when o is divided by 32.
29
Let g = -5 + 24. Calculate the remainder when 35 is divided by g.
16
Let z(k) = -k**3 - 4*k**2 - 5*k - 3. Let r be z(-3). Suppose 0 = r*n + n - 40. What is the remainder when n is divided by 3?
1
Let l = 181 + -114. Calculate the remainder when l is divided by 10.
7
Let w = 5 - 3. Suppose 3*m - 12 = b, -4*m + 9 = -m - 2*b. Suppose -m*v - 3*j = -45, -5*v + 19 = -j - 6. Calculate the remainder when v is divided by w.
0
Let d = 22 + -13. Calculate the remainder when 16 is divided by d.
7
What is the remainder when -3 + 3 + 60 + 3 is divided by 14?
7
Let s(j) = -j**2 - 7*j - 5. Let u(n) = n**3 - 3*n + 2. Let g be u(2). Suppose -2*a - g = -a. Calculate the remainder when 20 is divided by s(a).
6
Suppose 143 + 73 = 8*f. Suppose 2*d = 24 + 6. Calculate the remainder when f is divided by d.
12
Suppose d = -0*d - 4*t + 6, -d + 3*t = -13. Calculate the remainder when 39 is divided by d.
9
Suppose -2*x - 76 = -6*x. Calculate the remainder when x is divided by 7.
5
Suppose -6*i = -100 + 10. What is the remainder when 27 is divided by i?
12
Let z(y) = 9*y**2 - y - 2. What is the remainder when z(-1) is divided by 6?
2
Suppose 4*r + 4*j + 8 = 0, 0 = -2*r + 2*j - 6*j - 8. Let d(u) = u**2 - u + 11. Calculate the remainder when d(r) is divided by 6.
5
Let m be 2/(-5) + (-6)/(-15). Let n = 6 + m. Calculate the remainder when 22 is divided by n.
4
Let p(s) = -15*s + 9. Let d be p(7). Let y be (d/(-10))/(1/10). Suppose 0 = 2*w - 5*w + y. Calculate the remainder when w is divided by 11.
10
Let l be -3 - (-2 + 0/1). Calculate the remainder when (-22)/(1 + l*3) is divided by 2/2 - (-18)/6.
3
Let x(o) = 3*o**2 + o + 4. Calculate the remainder when 67 is divided by x(-2).
11
Let d(x) = x**3 - 9*x**2 + x. Let h be d(9). Let r = h + -5. Suppose 6*f - r*f - 92 = 0. Calculate the remainder when f is divided by 16.
14
Suppose -5*w + t - 4*t = -160, -80 = -3*w - 5*t. Let c = w - -3. Calculate the remainder when c is divided by 20.
18
Suppose -2*z + 6*u + 60 = 2*u, -3*z = 5*u - 35. Suppose 7 = 2*x + 2*a - 7, -2 = -2*x - 5*a. Calculate the remainder when z is divided by x.
9
Let i(h) = -h**3 + 7*h**2 + 8*h + 1. Let u be i(8). Let g = 0 - u. What is the remainder when 4 is divided by (1 - (-1 + -1)) + g?
0
Let u(w) = w**2 - 16*w + 9. Calculate the remainder when (-1)/((-2)/48*1) is divided by u(16).
6
Let n(w) = -9*w - 7 - 6 + 3 + 3 - w**2. Calculate the remainder when 42 is divided by n(-6).
9
Suppose -24*i + 21*i + 237 = 0. Calculate the remainder when i is divided by 10.
9
Let q(j) be the third derivative of j**5/60 + 5*j**4/24 + j**3 - 7*j**2. Calculate the remainder when q(-8) is divided by 11.
8
Let q(d) = 12*d - 1. Calculate the remainder when q(3) is divided by 18.
17
Let s be 3/6*(0 + 72). Suppose -4*z = -0 - s. Calculate the remainder when z is divided by 5.
4
Let w = -8 - -20. Let u(h) = 21*h**3 + 4*h - 3. What is the remainder when u(1) is divided by w?
10
Suppose 6*o = 67 + 17. What is the remainder when 80 is divided by o?
10
Suppose -6*m + 222 = -3*m + 4*h, 148 = 2*m - 3*h. What is the remainder when m is divided by 15?
14
Let v(r) = -5*r + 6. Let b(k) = k**2 + 3*k + 12. What is the remainder when b(-10) is divided by v(-3)?
19
Suppose -2*y = 3*y - 45. Suppose -11 - y = -4*k. Suppose -75 = -5*w + 5*d, k*w + d - 93 = -0*d. What is the remainder when 34 is divided by w?
16
Let a(l) = l**3 - 20*l**2 + 3*l + 35. Calculate the remainder when a(20) is divided by 21.
11
Let j = -61 + 126. Calculate the remainder when 50 is divided by (j/20)/((-1)/(-4)).
11
Let q = -10 + 29. Let u(a) = a**3 - 9*a**2 - 8*a - 9. Let v be 13*1 - 15/5. Calculate the remainder when q is divided by u(v).
8
Let h = -2 - 4. Suppose 0 = -4*b + 2*n + 66, 39 = 3*b - 5*n - 0*n. What is the remainder when 7*(-2 - (-1 + h)) is divided by b?
17
Let l(y) = y**2 - 6*y + 6. Let k be l(5). Suppose -2*j = k - 5. Let s = 12 - j. Calculate the remainder when 18 is divided by s.
8
Calculate the remainder when 27 is divided by 10/(-3)*99/(-22).
12
Let g = 10 - -7. Suppose 2*s - 2*i - 66 = 0, -5*s + 8*s = -5*i + 91. Calculate the remainder when s is divided by g.
15
Let m(c) = -c**2 - 8*c - 6. Let r = 2 + -7. What is the remainder when 9/(-18) - (-138)/4 is divided by m(r)?
7
Suppose 0 = 3*n + 3*a - 2*a - 19, -27 = -4*n - 3*a. Calculate the remainder when 13 is divided by n.
1
Suppose -2*d + 26 = 3*a - 51, 5*d = 3*a - 112. What is the remainder when 114 is divided by a?
27
Suppose -5*y = 3*a - 9, -4*a = 1 + 7. Let p = 1 - y. What is the remainder when -6*(48/9)/p is divided by 6?
4
Let q = 28 + 1. What is the remainder when q is divided by 10?
9
Let i = -1 + 5. Let m = i + 12. Let b = m + -9. Calculate the remainder when 27 is divided by b.
6
Let w = 40 + -10. Let x = 283 + -272. Calculate the remainder when w is divided by x.
8
Suppose 0 = 19*g - 20*g + 11. Calculate the remainder when g is divided by 3.
2
Let t be (1/3)/((-2)/(-36)). Suppose 0 = -m + 5*k + 6, 2*m - t*m + 100 = -k. Calculate the remainder when m is divided by 7.
5
Let h = -37 - -56. What is the remainder when h is divided by (-10)/2*(-2 + 1)?
4
Suppose 0 = -5*d + 4*d + 1. Suppose w = -3*f + 13, w = -f + 2 + 3. Suppose -5*h - f = -14. What is the remainder when h is divided by d?
0
Let w(j) = j**2 + 9. Calculate the remainder when ((-17)/2)/((-7)/14) is divided by w(0).
8
Suppose 2*r + 6 = 0, 3 = 6*c - 9*c - 4*r. Suppose -3*b + 9 = 3. Suppose -4*h = -18 + b. Calculate the remainder when h is divided by c.
1
Suppose 6*s = 3*s. Suppose -2*r + 3*r - 11 = s. Suppose 10 = -4*b + 34. Calculate the remainder when r is divided by b.
5
Let q = 68 + 16. What is the remainder when q is divided by 22?
18
Let s = 67 + -32. Calculate the remainder when s is divided by (-1*1)/((-5)/45).
8
Let a(g) = g + 3 + g + 1 - g. Calculate the remainder when a(7) is divided by 6.
5
Let j be 4/(-8) + 30/4. Let h = j + 3. What is the remainder when 38 is divided by h?
8
Let g = 242 + 135. What is the remainder when g is divided by 19?
16
Calculate the remainder when 77 is divided by (6/(-5))/(36/(-1200)).
37
Suppose -232 = -9*s + s. What is the remainder when 113 is divided by s?
26
Let y = 2 - -7. What is the remainder when 42 is divided by y?
6
Let x(j) be the first derivative of j**3 + j**2 + j + 2. Calculate the remainder when 35 is divided by x(-2).
8
Let o(f) = -14*f**2 + 14 - f*